(r/6)/(3/117)?
3
Let j be ((-24)/9)/4*-3. Let l be (-3 - -2)/((-1)/j). Let f = l + 0. What is the units digit of f?
2
Let v(j) = j**3 - 16*j**2 + 24*j - 19. What is the units digit of v(16)?
5
Suppose 2*r + 189 = 3*r. What is the tens digit of r?
8
Suppose -4*n + 5*l - 134 = -7*n, -n - 4*l = -40. Suppose 4*u = -4*q + n, 0*u + 83 = 4*q - 3*u. What is the units digit of q?
7
Let s = 9 - 5. Suppose -s*u + 12 = -u. Suppose -31 + u = -3*j. What is the units digit of j?
9
What is the tens digit of -26*(1/2 + -4)?
9
Let p be (9/(-12))/(1/(-24)). Suppose -2*y - 18 = -2*r + 8, -2*y = r + 14. Let b = p + y. What is the units digit of b?
9
Suppose x + 2*b + 24 = 4*x, 5*b = 0. Suppose 2*l + 4*p = 2, 0*l + l - 5*p = x. What is the units digit of l?
3
Let n = -79 - -111. What is the tens digit of n?
3
What is the units digit of 4/(-22) - (-2085)/33?
3
Suppose 0 = 4*l - l + 345. Let h = -73 - l. What is the tens digit of h?
4
Suppose 0 = -8*b + 4*b. Suppose 0 = m - b - 1. What is the units digit of (4 - m)*1/1?
3
Let c(l) = -l**2 - 6*l - 6. Let a be c(-4). Suppose 4*b = a*b + 4. What is the units digit of b?
2
Let x = 15 + -11. Suppose x*j - 2*j = 10. Suppose 3*a = 2*m - 1, 0*a + 5*a = j*m - 5. What is the units digit of m?
2
Suppose 0*r - 2*r = 5*y - 86, 0 = -4*r + 12. Let o be y + 0/3 + 2. Let n = -11 + o. What is the units digit of n?
7
Let r be 5 + (-3 - -5) + -5. Suppose -2*u + 3 = -5, r*j = 3*u - 6. Suppose j*n = d - 4, -2*d + n = 2 - 20. What is the tens digit of d?
1
Let m be (-6 + 2)/2 - -20. Suppose 5*o = m + 47. What is the tens digit of o?
1
Suppose -2*n + 2*f - f + 98 = 0, 0 = -2*n - 5*f + 98. What is the units digit of n?
9
Let c(m) = -m. Let s be 1/4 + (-21)/4. What is the units digit of c(s)?
5
Let o(b) = -b**3 - 3*b**2 + 2*b + 4. Let n be o(5). What is the units digit of ((-4)/(-6))/((-4)/n)?
1
Suppose 0 = 3*x - 101 + 35. What is the units digit of x?
2
Let o(l) = -2*l - l**3 + 0*l + 2*l**2 - 7*l**2 + 2*l**2. What is the units digit of o(-3)?
6
Suppose o - 3 = -0*o + 5*b, 5*o - 35 = 5*b. What is the units digit of o?
8
Suppose 2*h + 6 = 0, 5*d + 4*h + 8 = 351. What is the tens digit of d?
7
Suppose -3*y = 2*m - 14 - 13, 70 = 5*m + 5*y. Let k = 31 - m. What is the units digit of k?
6
Let h(i) = 6*i - 9. What is the tens digit of h(7)?
3
Suppose 0 = 4*v + 2*v - 150. What is the tens digit of v?
2
Suppose -4*l = s + 10, -5*s + 8*l - 3*l = -50. Let p(i) = i - 5. What is the units digit of p(s)?
1
Suppose 0 = 3*r - 21 + 6. Let m = 9 + r. What is the tens digit of m?
1
Suppose 70 = -5*y + 10*y. What is the units digit of y?
4
Let k(l) = l**2 + 1. Let m(o) = 4*o**2 - o + 6. Let q(x) = -3*k(x) + m(x). What is the tens digit of q(5)?
2
Let x = -19 + 50. Suppose 0 = -d + a + 17, 3*d + 5*a + 12 = x. What is the units digit of d?
3
Suppose t - g = 40, g = -5*t - 4*g + 230. What is the units digit of t?
3
Let u(b) = b**3 - 9*b**2 - 17*b + 15. What is the tens digit of u(11)?
7
Suppose 2*l - 69 = -3*p, 10 = -0*p + p + 5*l. What is the units digit of p?
5
Let b(v) = v**2 + 2. What is the units digit of b(-6)?
8
Let d(g) = -g**3 - 2*g**2 - 2*g - 2. What is the units digit of d(-3)?
3
Let b = 39 + 48. What is the units digit of b?
7
Suppose -56 + 230 = 6*d. What is the tens digit of d?
2
Suppose -27 = -5*j - 5*y + 18, 0 = j - y + 1. Let g = j + -10. What is the units digit of 8/g*(-6)/4?
2
Let h = 6 - 6. Suppose h = -4*d - 6 + 70. What is the tens digit of d?
1
Let f be (0 + 1)/(2/(-10)). Let n be -1*(-3 - 27 - 3). What is the units digit of n/15 - (-1)/f?
2
Suppose -12 = -w + 11. What is the units digit of w?
3
Let x(o) = -3*o + 1. Let j(p) = p**2 - 8*p + 3. Let n be j(7). What is the units digit of x(n)?
3
Suppose -12*d = -11*d - 46. What is the units digit of d?
6
Let p(u) = 18*u**2 - 3*u - 2. What is the units digit of p(1)?
3
Suppose -2*b - 182 = -8*p + 6*p, 4*b - 482 = -5*p. What is the units digit of p?
4
Let u(g) = -g**3 - 10*g**2 - 10*g - 11. Let v be u(-9). Let p be v/3*(-5 - -2). Suppose p*t + 4*j = 32, -48 = 2*t - 6*t - 4*j. What is the units digit of t?
8
Let h(a) = 4*a**2 + 2. Let t(o) = o**2 + o - 1. Let q(s) = h(s) - 5*t(s). Let i be 1*-4 - (-1 + 2). What is the units digit of q(i)?
7
What is the tens digit of 147/(-2)*-2 - (-6)/(-2)?
4
What is the hundreds digit of 29*4 - (-4 - -7)?
1
Suppose 5*u + 56 = -104. Let k = u + 48. Suppose 0 = c - 0*c - k. What is the tens digit of c?
1
Let l be 3 + -1 + (-66)/(-2). Suppose 4*q + q = l. Suppose 3*d = q*d - 52. What is the units digit of d?
3
Suppose -b + 0*b - 34 = 3*s, -5*s = -3*b + 52. Let k = s + 23. What is the units digit of k?
2
Let z(g) = 2*g + 1. Let x be (30/25)/(3/10). Let d be z(x). Suppose d = 3*u, 1 + 0 = n - u. What is the units digit of n?
4
Let y(a) = -a**2 - 9*a. Let v be y(-5). Suppose 5*c = -v - 0. What is the units digit of (-1)/(-3 + (-10)/c)?
2
Let d(f) = -70*f + 2. Let i be d(-1). Suppose 0 = 2*q - 0*q - i. What is the units digit of q?
6
Suppose 0*h - 148 = -4*h. What is the units digit of h?
7
Let t = 62 + -37. Suppose h = -8 + t. What is the units digit of h?
7
Suppose -2*f - 5 + 21 = 0. Let g = 13 - f. Let i = g - -2. What is the units digit of i?
7
Let y = 22 - 17. Suppose -4*k + 86 = h + 4*h, y*h + 34 = k. What is the units digit of k?
4
Let h(x) = -5*x**2 + 12*x - 15. Let l(o) = o**2 - o + 1. Let y(q) = -h(q) - 6*l(q). Suppose -4 - 10 = 2*a. What is the units digit of y(a)?
2
Suppose -5*q = x - 24, 4*q - 19 = -4*x - 3. Suppose 2*s = -3*m + 91, 0 = -5*m + m + q*s + 152. What is the units digit of m?
3
Let o(j) be the first derivative of 2 + 8/3*j**3 - 3*j + 1/4*j**4 - 1/2*j**2. What is the units digit of o(-8)?
5
Suppose 0 = 5*x - 135 - 75. What is the tens digit of x?
4
Let s = 43 + -37. What is the units digit of s?
6
What is the tens digit of (-2 + -2)/24 - 158/(-12)?
1
Let l be (2 - (0 - -2))/2. Suppose 5*a - 5 = -n + 32, -3*a + 2*n + 30 = l. What is the units digit of a?
8
Let q(t) = -t + 5. Let v be q(4). Suppose 4*f = 0, 3*f - 46 = -2*n + 2*f. Suppose -n = -4*a + v. What is the units digit of a?
6
Suppose p + 0*p - 6 = -c, 4*c - 26 = -2*p. What is the units digit of c?
7
Let z be (-3)/(-4 - 2)*0. Suppose 0 = s + 4*g - z*g - 21, -2*g + 63 = 3*s. What is the tens digit of s?
2
Let t(b) = -48*b + 7. What is the tens digit of t(-2)?
0
Suppose 4 = -4*l - 4. Let s(z) = -3*z + 2. What is the units digit of s(l)?
8
Suppose 3 - 1 = 2*z. Suppose -5 = 2*f + z. Let u = -1 - f. What is the units digit of u?
2
Let t(y) = 2*y**2 - 9*y - 2. What is the tens digit of t(7)?
3
Suppose 13 = -3*y + 2*z + 2, -5*z - 10 = 5*y. Let w = y - -13. What is the tens digit of w?
1
Suppose -3*k + 120 = -87. What is the units digit of k?
9
Suppose -12*p = -5*p - 1799. What is the tens digit of p?
5
Let b(t) = -t + 5. Suppose 5*m - 2*m - 15 = 0. Let k be b(m). Let z = 1 - k. What is the units digit of z?
1
Let n(y) = 3*y**2 + 20*y + 30. What is the tens digit of n(-12)?
2
Suppose -1001 = -10*b - 3*b. What is the units digit of b?
7
Suppose 0 = 2*o - 5*i - 11, -2*o + o + 25 = 4*i. What is the tens digit of o?
1
Let h(g) be the second derivative of g**4/12 + g**3/2 - 3*g**2 - 2*g. Let y be h(-5). Suppose p + 12 = y*p. What is the units digit of p?
4
Let r(m) = -m**2 + 5*m - 3. Suppose -3*w = -0*w - 12. Let b be r(w). What is the units digit of 0 - 10/(-2) - b?
4
Suppose 0*k = k. Suppose 2*o + u = 1, -3*u + k*u = 5*o. Suppose -o - 3 = -2*i. What is the units digit of i?
3
Suppose 0 = -x - x + 348. What is the tens digit of (-1)/2 - x/(-12)?
1
Suppose 0*r = -r + 22. Let g be 2/((8/3)/4). Suppose -c - g*c - 1 = l, 0 = 2*l + 2*c - r. What is the tens digit of l?
1
Suppose -5*b + 6*b - 6 = 0. Suppose -b*z = -z - 20. What is the units digit of z?
4
Let h = 34 - -22. Suppose -2*m = -4*m + h. Suppose -5*r = -2*d - 2*d - 56, -3*d = -2*r + m. What is the units digit of r?
8
Let g(r) = 2*r**2 + 5*r + 3*r**2 + 2 + 0*r**3 + r**3. What is the units digit of g(-3)?
5
Suppose -7 = -5*h + 8. Suppose -h*q = -4*r + 8 + 1, 2*r - 2*q - 2 = 0. What is the units digit of r?
6
Let f = 127 + -46. What is the tens digit of 1/2 - f/(-2)?
4
Let k(z) = 2*z**2 + 3*z - 4. Let i be k(-3). Suppose 0 = -i*p - 5*n + 35, 4*n + 12 - 43 = -5*p. Suppose -p*b + 1 = -14. What is the units digit of b?
5
Let f(w) = 11*w**3 - 5*w**2 + 3